{"id":564,"date":"2017-10-16T01:52:11","date_gmt":"2017-10-16T01:52:11","guid":{"rendered":"https:\/\/hedrich.net\/start\/?page_id=564"},"modified":"2021-11-04T17:34:30","modified_gmt":"2021-11-04T10:34:30","slug":"geschichte","status":"publish","type":"page","link":"https:\/\/hedrich.net\/start\/geschichte\/","title":{"rendered":"Geschichte"},"content":{"rendered":"<p>[vc_row][vc_column][tm_heading custom_google_font=&#187;&#187; text_color=&#187;secondary_color&#187; text=&#187;Hedrich &#8211; Hamburger Qualit\u00e4t!&#187; typed_list=&#187;%5B%7B%7D%5D&#187; font_size=&#187;lg:32&#8243; css=&#187;.vc_custom_1636022067629{padding-bottom: 15px !important;}&#187;][tm_heading tag=&#187;div&#187; custom_google_font=&#187;&#187; text=&#187;Die Hans Hedrich GmbH ist als inhabergef\u00fchrtes Unternehmen in der dritten Generation erfolgreich auf dem Markt t\u00e4tig und hat \u00fcber diese Zeit enorme Erfahrungen besonders im Bereich Stanztechnik und Werkzeugbau gesammelt.<\/p>\n<p>Stetige Qualit\u00e4tskontrollen und Zertifizierungen garantieren die Qualit\u00e4t unserer Produkte die bis \u00fcber die Grenzen Deutschlands hinaus bekannt ist.&#187; typed_list=&#187;%5B%7B%7D%5D&#187; css=&#187;.vc_custom_1630934367869{margin-bottom: 24px !important;}&#187;][vc_empty_space height=&#187;45px&#187;][vc_separator][\/vc_column][\/vc_row][vc_row lg_spacing=&#187;margin_bottom:40&#8243;][vc_column][vc_empty_space height=&#187;45px&#187;][tm_timeline items=&#187;%5B%7B%22image%22%3A%221634%22%2C%22title%22%3A%221947%20-%20Hans%20Hedrich%20gr%C3%BCndet%20die%20Firma%22%2C%22text%22%3A%22Voller%20Elan%20und%20mit%20gro%C3%9Fem%20Tatendrang%20legt%20der%20junge%20Hans%20Hedrich%20kurz%20nach%20dem%20Krieg%20den%20Grundstein%20f%C3%BCr%20die%20heutige%20Hans%20Hedrich%20GmbH.%22%7D%2C%7B%22image%22%3A%221636%22%2C%22title%22%3A%221952%20-%20Verkaufsschlager%22%2C%22text%22%3A%22Bis%20Ende%20der%20f%C3%BCnfziger%20Jahre%20wurden%20zur%20Freude%20vieler%20Kinder%20bei%20der%20Hedrich%20GmbH%20unter%20anderem%20wunderbare%20Blechspielzeuge%20hergestellt%2C%20die%20heute%20auf%20Sammlerb%C3%B6rsen%20hohe%20Preise%20erzielen.%22%7D%2C%7B%22image%22%3A%221646%22%2C%22title%22%3A%221954%20-%20Firmengeb%C3%A4ude%22%2C%22text%22%3A%22Die%20seit%20der%20Firmengr%C3%BCndung%20genutzte%20Werkstatt%20in%20Hamburg%20Blankenese%20wurde%20schnell%20zu%20klein.%20Deshalb%20verlagerte%20Hans%20Hedrich%20den%20Firmensitz%20in%20das%20benachbarte%20Schenefeld%2C%20wo%20er%20auf%20dem%20neu%20erstanden%20Grundst%C3%BCck%20ein%20f%C3%BCr%20damalige%20Verh%C3%A4ltnisse%20modernes%20Produktionsgeb%C3%A4ude%20errichten%20lie%C3%9F.%22%7D%2C%7B%22title%22%3A%221972%20-%20OHG%20firmiert%20sich%22%2C%22text%22%3A%22Mit%20dem%20Einstieg%20von%20Hans%20J%C3%B6rg%20Hedrich%20wurde%20die%20Rechtsform%20von%20einer%20Einzelpersonengesellschaft%20in%20eine%20OHG%20ge%C3%A4ndert.%22%7D%2C%7B%22image%22%3A%221637%22%2C%22title%22%3A%22Hans%20J%C3%B6rg%20Hedrich%22%2C%22text%22%3A%221985%20wurde%20die%20Hans%20Hedrich%20GmbH%20gegr%C3%BCndet%2C%20dessen%20gesch%C3%A4ftsf%C3%BChrender%20Gesellschafter%20bis%202015%20Hans%20J%C3%B6rg%20Hedrich%20war.%20Heute%20genie%C3%9Ft%20er%20seinen%20wohlverdienten%20Ruhestand.%22%7D%2C%7B%22image%22%3A%221638%22%2C%22title%22%3A%222007%20-%20Kai%20Hedrich%20%C3%BCbernimmt%20die%20Gesch%C3%A4fte%22%2C%22text%22%3A%22Nach%20erfolgreichem%20Abschluss%20seines%20BWL-Studium%20mit%20den%20Fachrichtungen%20%E2%80%9EIndustrielles%20Management%E2%80%9C%2C%20%E2%80%9EWirtschaftsinformatik%E2%80%9C%20und%20%E2%80%9ERecht%20der%20Wirtschaft%E2%80%9C%2C%20nahm%20Kai%20Hedrich%201998%20seine%20Arbeit%20als%20%E2%80%9EAssistenz%20der%20Gesch%C3%A4ftsf%C3%BChrung%E2%80%9C%20in%20der%20Hans%20Hedrich%20GmbH%20auf.%5Cn2004%20besuchte%20Kai%20Hedrich%20f%C3%BCr%201%2C5%20Jahre%20die%20Berufsschule%20Pinneberg%20parallel%20in%20den%20Klassen%20verschiedener%20Jahrg%C3%A4nge%20f%C3%BCr%20Werkzeugmechaniker%20-%20Fachrichtung%20Stanz-%20und%20Umformtechnik%2C%20sowie%20das%20%C3%BCberbetriebliche%20Ausbildungszentrum%20Elmshorn%2C%20um%20vertiefte%20Kenntnisse%20im%20Bereich%20Werkzeugbau%20zu%20erwerben.%20Seit%202013%20ist%20Kai%20Hedrich%20alleiniger%20gesch%C3%A4ftsf%C3%BChrender%20Gesellschafter%20der%20Hans%20Hedrich%20GmbH.%22%7D%2C%7B%22title%22%3A%222021%22%2C%22text%22%3A%22Auf%20Grund%20der%20Covid-19%20Pandemie%20wurde%20der%20alte%20Produktionsbereich%20in%20ein%20modernes%20Loft-B%C3%BCro%20umgewandelt%20um%20die%20geforderten%20Abst%C3%A4nde%20einhalten%20zu%20k%C3%B6nnen.%20Ein%20%C3%BCberdachtes%20Freigel%C3%A4nde%20wurde%20zu%20einer%20neuen%20Produktions-%20und%20Lagerhalle%20umgebaut.%22%7D%5D&#187;][\/vc_column][\/vc_row]<\/p>\n","protected":false},"excerpt":{"rendered":"[vc_row][vc_column][tm_heading custom_google_font=&#187;&#187; text_color=&#187;secondary_color&#187; text=&#187;Hedrich &#8211; Hamburger Qualit\u00e4t!&#187; typed_list=&#187;%5B%7B%7D%5D&#187; font_size=&#187;lg:32&#8243; css=&#187;.vc_custom_1636022067629{padding-bottom: 15px !important;}&#187;][tm_heading tag=&#187;div&#187; custom_google_font=&#187;&#187; text=&#187;Die Hans Hedrich GmbH ist als inhabergef\u00fchrtes Unternehmen in der dritten Generation erfolgreich auf dem Markt t\u00e4tig und hat \u00fcber diese Zeit enorme Erfahrungen besonders im Bereich Stanztechnik und Werkzeugbau gesammelt. Stetige Qualit\u00e4tskontrollen und Zertifizierungen garantieren die Qualit\u00e4t unserer Produkte die bis \u00fcber die Grenzen Deutschlands hinaus bekannt ist.&#187; typed_list=&#187;%5B%7B%7D%5D&#187; css=&#187;.vc_custom_1630934367869{margin-bottom: 24px !important;}&#187;][vc_empty_space height=&#187;45px&#187;][vc_separator][\/vc_column][\/vc_row][vc_row lg_spacing=&#187;margin_bottom:40&#8243;][vc_column][vc_empty_space height=&#187;45px&#187;][tm_timeline items=&#187;%5B%7B%22image%22%3A%221634%22%2C%22title%22%3A%221947%20-%20Hans%20Hedrich%20gr%C3%BCndet%20die%20Firma%22%2C%22text%22%3A%22Voller%20Elan%20und%20mit%20gro%C3%9Fem%20Tatendrang%20legt%20der%20junge%20Hans%20Hedrich%20kurz%20nach%20dem%20Krieg%20den%20Grundstein%20f%C3%BCr%20die%20heutige%20Hans%20Hedrich%20GmbH.%22%7D%2C%7B%22image%22%3A%221636%22%2C%22title%22%3A%221952%20-%20Verkaufsschlager%22%2C%22text%22%3A%22Bis%20Ende%20der%20f%C3%BCnfziger%20Jahre%20wurden%20zur%20Freude%20vieler%20Kinder%20bei%20der%20Hedrich%20GmbH%20unter%20anderem%20wunderbare%20Blechspielzeuge%20hergestellt%2C%20die%20heute%20auf%20Sammlerb%C3%B6rsen%20hohe%20Preise%20erzielen.%22%7D%2C%7B%22image%22%3A%221646%22%2C%22title%22%3A%221954%20-%20Firmengeb%C3%A4ude%22%2C%22text%22%3A%22Die%20seit%20der%20Firmengr%C3%BCndung%20genutzte%20Werkstatt%20in%20Hamburg%20Blankenese%20wurde%20schnell%20zu%20klein.%20Deshalb%20verlagerte%20Hans%20Hedrich%20den%20Firmensitz%20in%20das%20benachbarte%20Schenefeld%2C%20wo%20er%20auf%20dem%20neu%20erstanden%20Grundst%C3%BCck%20ein%20f%C3%BCr%20damalige%20Verh%C3%A4ltnisse%20modernes%20Produktionsgeb%C3%A4ude%20errichten%20lie%C3%9F.%22%7D%2C%7B%22title%22%3A%221972%20-%20OHG%20firmiert%20sich%22%2C%22text%22%3A%22Mit%20dem%20Einstieg%20von%20Hans%20J%C3%B6rg%20Hedrich%20wurde%20die%20Rechtsform%20von%20einer%20Einzelpersonengesellschaft%20in%20eine%20OHG%20ge%C3%A4ndert.%22%7D%2C%7B%22image%22%3A%221637%22%2C%22title%22%3A%22Hans%20J%C3%B6rg%20Hedrich%22%2C%22text%22%3A%221985%20wurde%20die%20Hans%20Hedrich%20GmbH%20gegr%C3%BCndet%2C%20dessen%20gesch%C3%A4ftsf%C3%BChrender%20Gesellschafter%20bis%202015%20Hans%20J%C3%B6rg%20Hedrich%20war.%20Heute%20genie%C3%9Ft%20er%20seinen%20wohlverdienten%20Ruhestand.%22%7D%2C%7B%22image%22%3A%221638%22%2C%22title%22%3A%222007%20-%20Kai%20Hedrich%20%C3%BCbernimmt%20die%20Gesch%C3%A4fte%22%2C%22text%22%3A%22Nach%20erfolgreichem%20Abschluss%20seines%20BWL-Studium%20mit%20den%20Fachrichtungen%20%E2%80%9EIndustrielles%20Management%E2%80%9C%2C%20%E2%80%9EWirtschaftsinformatik%E2%80%9C%20und%20%E2%80%9ERecht%20der%20Wirtschaft%E2%80%9C%2C%20nahm%20Kai%20Hedrich%201998%20seine%20Arbeit%20als%20%E2%80%9EAssistenz%20der%20Gesch%C3%A4ftsf%C3%BChrung%E2%80%9C%20in%20der%20Hans%20Hedrich%20GmbH%20auf.%5Cn2004%20besuchte%20Kai%20Hedrich%20f%C3%BCr%201%2C5%20Jahre%20die%20Berufsschule%20Pinneberg%20parallel%20in%20den%20Klassen%20verschiedener%20Jahrg%C3%A4nge%20f%C3%BCr%20Werkzeugmechaniker%20-%20Fachrichtung%20Stanz-%20und%20Umformtechnik%2C%20sowie%20das%20%C3%BCberbetriebliche%20Ausbildungszentrum%20Elmshorn%2C%20um%20vertiefte%20Kenntnisse%20im%20Bereich%20Werkzeugbau%20zu%20erwerben.%20Seit%202013%20ist%20Kai%20Hedrich%20alleiniger%20gesch%C3%A4ftsf%C3%BChrender%20Gesellschafter%20der%20Hans%20Hedrich%20GmbH.%22%7D%2C%7B%22title%22%3A%222021%22%2C%22text%22%3A%22Auf%20Grund%20der%20Covid-19%20Pandemie%20wurde%20der%20alte%20Produktionsbereich%20in%20ein%20modernes%20Loft-B%C3%BCro%20umgewandelt%20um%20die%20geforderten%20Abst%C3%A4nde%20einhalten%20zu%20k%C3%B6nnen.%20Ein%20%C3%BCberdachtes%20Freigel%C3%A4nde%20wurde%20zu%20einer%20neuen%20Produktions-%20und%20Lagerhalle%20umgebaut.%22%7D%5D&#187;][\/vc_column][\/vc_row]","protected":false},"author":4,"featured_media":0,"parent":0,"menu_order":0,"comment_status":"closed","ping_status":"closed","template":"","meta":[],"_links":{"self":[{"href":"https:\/\/hedrich.net\/start\/wp-json\/wp\/v2\/pages\/564"}],"collection":[{"href":"https:\/\/hedrich.net\/start\/wp-json\/wp\/v2\/pages"}],"about":[{"href":"https:\/\/hedrich.net\/start\/wp-json\/wp\/v2\/types\/page"}],"author":[{"embeddable":true,"href":"https:\/\/hedrich.net\/start\/wp-json\/wp\/v2\/users\/4"}],"replies":[{"embeddable":true,"href":"https:\/\/hedrich.net\/start\/wp-json\/wp\/v2\/comments?post=564"}],"version-history":[{"count":31,"href":"https:\/\/hedrich.net\/start\/wp-json\/wp\/v2\/pages\/564\/revisions"}],"predecessor-version":[{"id":2005,"href":"https:\/\/hedrich.net\/start\/wp-json\/wp\/v2\/pages\/564\/revisions\/2005"}],"wp:attachment":[{"href":"https:\/\/hedrich.net\/start\/wp-json\/wp\/v2\/media?parent=564"}],"curies":[{"name":"wp","href":"https:\/\/api.w.org\/{rel}","templated":true}]}}