{"id":1829,"date":"2021-09-08T15:39:51","date_gmt":"2021-09-08T08:39:51","guid":{"rendered":"https:\/\/hedrich.net\/start\/?page_id=1829"},"modified":"2021-11-04T18:37:34","modified_gmt":"2021-11-04T11:37:34","slug":"nachbearbeitung","status":"publish","type":"page","link":"https:\/\/hedrich.net\/start\/leistungen\/nachbearbeitung\/","title":{"rendered":"Nachbearbeitung"},"content":{"rendered":"<p>[vc_row lg_spacing=&#187;margin_bottom:35&#8243;][vc_column][tm_slider image_size=&#187;full&#187; nav=&#187;3&#8243; pagination=&#187;2&#8243; gutter=&#187;30&#8243; items_display=&#187;xs:1;sm:1;md:1;lg:1&#8243; items=&#187;%5B%7B%22image%22%3A%221800%22%2C%22link%22%3A%22Link%22%7D%2C%7B%22image%22%3A%221774%22%2C%22link%22%3A%22Link%22%7D%2C%7B%22image%22%3A%221842%22%2C%22link%22%3A%22Link%22%7D%5D&#187;][\/vc_column][\/vc_row][vc_row lg_spacing=&#187;margin_bottom:50&#8243;][vc_column][tm_heading custom_google_font=&#187;&#187; text=&#187;Bearbeitung von Stanz- , Laser- und Maschinenteilen&#187; typed_list=&#187;%5B%7B%7D%5D&#187; font_size=&#187;lg:32&#8243; css=&#187;.vc_custom_1636014955702{padding-bottom: 20px !important;}&#187; line_height=&#187;1&#8243;][vc_column_text]<strong>Bearbeitung von Stanz- , Laser- und Maschinenteilen<\/strong><br \/>\nMit unseren mechanischen Pr\u00e4zisionsrichtmaschinen der Firma ARKU richten wir Stanz- und Laserteile mit einer maximalen Breite von 220 mm und einer Materialst\u00e4rke von maximal 5,0 mm. Die Ebenheitstoleranz betr\u00e4gt bis zu 0,1 mm.<\/p>\n<p><strong>Planieren<br \/>\n<\/strong>Des Weiteren bieten wir auch das Planieren von Stanz- und Laserteilen auf unseren Pressen an.<\/p>\n<p><strong>Entgraten<br \/>\n<\/strong>Wir haben verschiedene Verfahren zum Entgraten von Werkst\u00fccken bei uns im Einsatz.<\/p>\n<p><em>Trommelentgraten<\/em><br \/>\nDie einfachste Methode, welche sich in der Regel sehr gut f\u00fcr Stanzteile eignet, ist das Trommelentgraten. Hier werden die Teile in einer Trommel gegeneinander geschlagen und die scharfen Kanten somit gebrochen.<\/p>\n<p><em>Gleitschleifen<\/em><br \/>\nEin weiteres Verfahren ist das Gleitschleifentgraten. Hier werden die Teile in einem Trogvibrator zusammen mit Schleifk\u00f6rpern und speziell auf den Anwendungsfall gew\u00e4hlten Material und Geometrie geschliffen.<\/p>\n<p><em>B\u00fcrstentgraten<\/em><br \/>\nB\u00fcrstengrater kommen bei uns h\u00e4ufig bei l\u00e4ngeren Rohrzuschnitten zum Einsatz.<\/p>\n<p><em>Gewinde Schneiden<\/em><br \/>\nAn unseren Gewindeschneidautomaten k\u00f6nnen wir auch bei Serienteilen Gewinde schneiden.<\/p>\n<p><em>Schwei\u00dfen<\/em><br \/>\nF\u00fcr vielen namhafte Kunden f\u00fchren mit unseren daf\u00fcr geschulten Mitarbeitern auch Schwei\u00dfarbeiten aus.<\/p>\n<p><em>Sandstrahlen<\/em><br \/>\nF\u00fcr Sandstrahlarbeiten haben wir eine kleine Sandstrahlkabine.<\/p>\n<p><em>Gl\u00fchen<\/em><br \/>\nWir haben einen Ofen mit welchen wir bei uns im Hause z.B. Messing- oder auch Kupferteile Weichgl\u00fchen k\u00f6nnen.[\/vc_column_text][\/vc_column][\/vc_row][vc_row lg_spacing=&#187;margin_bottom:30&#8243;][vc_column][tm_heading custom_google_font=&#187;&#187; text=&#187;Ihre Vorteile&#187; typed_list=&#187;%5B%7B%7D%5D&#187; font_size=&#187;lg:24&#8243; css=&#187;.vc_custom_1635928997334{padding-bottom: 20px !important;}&#187; line_height=&#187;1&#8243;][tm_list marker_color=&#187;secondary_color&#187; icon_type=&#187;fontawesome&#187; icon_fontawesome=&#187;far fa-arrow-alt-circle-right&#187; item_style=&#187;&#187; style=&#187;&#187; items=&#187;%5B%7B%22item_title%22%3A%22Kurze%20Durchlaufzeiten%20f%C3%BCr%20viele%20nachgelagerte%20Arbeiten%20am%20Werkst%C3%BCck.%22%2C%22icon_pe7stroke%22%3A%22pe-7s-album%22%2C%22icon_linea%22%3A%22icon-basic-accelerator%22%7D%2C%7B%22item_title%22%3A%22Alles%20aus%20einer%20Hand%22%2C%22link%22%3A%22%7C%7C%7C%22%2C%22icon_pe7stroke%22%3A%22pe-7s-album%22%2C%22icon_linea%22%3A%22icon-basic-accelerator%22%7D%2C%7B%22item_title%22%3A%22Weniger%20Transporte%22%2C%22icon_pe7stroke%22%3A%22pe-7s-album%22%2C%22icon_linea%22%3A%22icon-basic-accelerator%22%7D%5D&#187;][\/vc_column][\/vc_row][vc_row][vc_column][vc_empty_space][\/vc_column][\/vc_row]<\/p>\n","protected":false},"excerpt":{"rendered":"[vc_row lg_spacing=&#187;margin_bottom:35&#8243;][vc_column][tm_slider image_size=&#187;full&#187; nav=&#187;3&#8243; pagination=&#187;2&#8243; gutter=&#187;30&#8243; items_display=&#187;xs:1;sm:1;md:1;lg:1&#8243; items=&#187;%5B%7B%22image%22%3A%221800%22%2C%22link%22%3A%22Link%22%7D%2C%7B%22image%22%3A%221774%22%2C%22link%22%3A%22Link%22%7D%2C%7B%22image%22%3A%221842%22%2C%22link%22%3A%22Link%22%7D%5D&#187;][\/vc_column][\/vc_row][vc_row lg_spacing=&#187;margin_bottom:50&#8243;][vc_column][tm_heading custom_google_font=&#187;&#187; text=&#187;Bearbeitung von Stanz- , Laser- und Maschinenteilen&#187; typed_list=&#187;%5B%7B%7D%5D&#187; font_size=&#187;lg:32&#8243; css=&#187;.vc_custom_1636014955702{padding-bottom: 20px !important;}&#187; line_height=&#187;1&#8243;][vc_column_text]Bearbeitung von Stanz- , Laser- und Maschinenteilen Mit unseren mechanischen Pr\u00e4zisionsrichtmaschinen der Firma ARKU richten wir Stanz- und Laserteile mit einer maximalen Breite von 220 mm und einer Materialst\u00e4rke von maximal 5,0 mm. Die Ebenheitstoleranz betr\u00e4gt bis zu 0,1 mm. Planieren Des Weiteren bieten wir auch das Planieren von Stanz- und Laserteilen auf unseren Pressen an. Entgraten Wir haben verschiedene Verfahren zum Entgraten von Werkst\u00fccken bei uns im Einsatz. Trommelentgraten Die einfachste Methode, welche sich in der Regel sehr gut f\u00fcr Stanzteile eignet, ist das Trommelentgraten. Hier werden die Teile in einer Trommel gegeneinander geschlagen und die scharfen Kanten somit gebrochen. Gleitschleifen Ein weiteres Verfahren ist das Gleitschleifentgraten. Hier werden die Teile in einem Trogvibrator zusammen mit Schleifk\u00f6rpern und speziell auf den Anwendungsfall gew\u00e4hlten Material und Geometrie geschliffen. B\u00fcrstentgraten B\u00fcrstengrater kommen bei uns h\u00e4ufig bei l\u00e4ngeren Rohrzuschnitten zum Einsatz. Gewinde Schneiden An unseren Gewindeschneidautomaten k\u00f6nnen wir auch bei Serienteilen Gewinde schneiden. Schwei\u00dfen F\u00fcr vielen namhafte Kunden f\u00fchren mit unseren daf\u00fcr geschulten Mitarbeitern auch Schwei\u00dfarbeiten aus. Sandstrahlen F\u00fcr Sandstrahlarbeiten haben wir eine kleine Sandstrahlkabine. Gl\u00fchen Wir haben einen Ofen mit welchen wir bei uns im Hause z.B. Messing- oder auch Kupferteile Weichgl\u00fchen k\u00f6nnen.[\/vc_column_text][\/vc_column][\/vc_row][vc_row lg_spacing=&#187;margin_bottom:30&#8243;][vc_column][tm_heading custom_google_font=&#187;&#187; text=&#187;Ihre Vorteile&#187; typed_list=&#187;%5B%7B%7D%5D&#187; font_size=&#187;lg:24&#8243; css=&#187;.vc_custom_1635928997334{padding-bottom: 20px !important;}&#187; line_height=&#187;1&#8243;][tm_list marker_color=&#187;secondary_color&#187; icon_type=&#187;fontawesome&#187; icon_fontawesome=&#187;far fa-arrow-alt-circle-right&#187; item_style=&#187;&#187; style=&#187;&#187; items=&#187;%5B%7B%22item_title%22%3A%22Kurze%20Durchlaufzeiten%20f%C3%BCr%20viele%20nachgelagerte%20Arbeiten%20am%20Werkst%C3%BCck.%22%2C%22icon_pe7stroke%22%3A%22pe-7s-album%22%2C%22icon_linea%22%3A%22icon-basic-accelerator%22%7D%2C%7B%22item_title%22%3A%22Alles%20aus%20einer%20Hand%22%2C%22link%22%3A%22%7C%7C%7C%22%2C%22icon_pe7stroke%22%3A%22pe-7s-album%22%2C%22icon_linea%22%3A%22icon-basic-accelerator%22%7D%2C%7B%22item_title%22%3A%22Weniger%20Transporte%22%2C%22icon_pe7stroke%22%3A%22pe-7s-album%22%2C%22icon_linea%22%3A%22icon-basic-accelerator%22%7D%5D&#187;][\/vc_column][\/vc_row][vc_row][vc_column][vc_empty_space][\/vc_column][\/vc_row]","protected":false},"author":4,"featured_media":0,"parent":664,"menu_order":0,"comment_status":"closed","ping_status":"closed","template":"","meta":[],"_links":{"self":[{"href":"https:\/\/hedrich.net\/start\/wp-json\/wp\/v2\/pages\/1829"}],"collection":[{"href":"https:\/\/hedrich.net\/start\/wp-json\/wp\/v2\/pages"}],"about":[{"href":"https:\/\/hedrich.net\/start\/wp-json\/wp\/v2\/types\/page"}],"author":[{"embeddable":true,"href":"https:\/\/hedrich.net\/start\/wp-json\/wp\/v2\/users\/4"}],"replies":[{"embeddable":true,"href":"https:\/\/hedrich.net\/start\/wp-json\/wp\/v2\/comments?post=1829"}],"version-history":[{"count":24,"href":"https:\/\/hedrich.net\/start\/wp-json\/wp\/v2\/pages\/1829\/revisions"}],"predecessor-version":[{"id":2013,"href":"https:\/\/hedrich.net\/start\/wp-json\/wp\/v2\/pages\/1829\/revisions\/2013"}],"up":[{"embeddable":true,"href":"https:\/\/hedrich.net\/start\/wp-json\/wp\/v2\/pages\/664"}],"wp:attachment":[{"href":"https:\/\/hedrich.net\/start\/wp-json\/wp\/v2\/media?parent=1829"}],"curies":[{"name":"wp","href":"https:\/\/api.w.org\/{rel}","templated":true}]}}